6)/16 is divided by 38?
31
Suppose -1770 = -736*u + 706*u. What is the remainder when 999 is divided by u?
55
Suppose -2724 = -24*k + 660. What is the remainder when k is divided by 85?
56
Let j = -45 - 15. Let n = j + 75. Let k(x) = 4*x + 23. Calculate the remainder when k(4) is divided by n.
9
Let p(l) = 11*l + 9. Suppose -13 = 2*m - 25. What is the remainder when p(11) is divided by (42/(-4))/7 + 207/m?
31
Let p(h) = -h**3 - 16*h**2 - 34*h - 4. Let l(a) = -3*a + 9. Let b be l(4). Calculate the remainder when p(-14) is divided by (-92)/b + 6/(-9).
20
Let w(r) = 20*r - 1620. What is the remainder when 552 is divided by w(83)?
32
Suppose -7*a + 10*z = -8*a + 219, a - 2*z - 135 = 0. Calculate the remainder when 1326 is divided by a.
134
Let m(s) = s + 7. Let v be m(-9). Suppose 3*j + j + b = 343, -2*b + 428 = 5*j. Calculate the remainder when j is divided by 51/6 - v/(-4).
6
Let d(o) = 4*o + 10. Suppose -27*n + 4841 = 1223. What is the remainder when n is divided by d(10)?
34
Let i be 6072/598 + (-2)/13. Let b(y) = -y**3 + 13*y**2 - 28*y. What is the remainder when 116 is divided by b(i)?
16
Suppose -y + 2186*l - 2187*l = -189, y = 5*l + 147. What is the remainder when 15833 is divided by y?
181
Suppose -4*g = -0*g - 60. Suppose 1 = -4*n + 5*b, 2*n + 7 = 4*b - 1. What is the remainder when g is divided by n?
3
Suppose -141*p + 24518 = 392*p. Let n = -4 - -28. What is the remainder when p is divided by n?
22
Suppose -28*u + 203 = 5*x - 26*u, -3*x + 135 = -u. Calculate the remainder when 434 is divided by x.
4
Suppose -7954 = -46*d + 8*d + 13060. What is the remainder when d is divided by 200?
153
Let f(l) = -228*l + 3663. What is the remainder when 1012 is divided by f(16)?
7
Let x = 83 + -308. What is the remainder when (x/(-20))/((-2)/(-8)) is divided by 13?
6
Suppose -3*g + 4*l = -1440, -2*l = -4*g + 173 + 1747. What is the remainder when g is divided by 49?
39
Let h = 26541 - 26524. Let b be 122 + 4/(4 + -2). Suppose -2*r + b = -8. What is the remainder when r is divided by h?
15
Suppose -5*l + 6 = -369. Let s = -30 + 41. Suppose 14*w - s*w = 114. What is the remainder when l is divided by w?
37
Let s(b) be the second derivative of -b**3 + 49*b**2/2 + 2*b - 3. Calculate the remainder when s(-8) is divided by 27.
16
Suppose -4*f + 20*y + 160 = 17*y, 12 = -3*y. Suppose 22 = -5*o + 67. What is the remainder when f is divided by o?
1
Suppose 3*l + 562*t = 566*t + 14591, 4*t = -20. Calculate the remainder when l is divided by 60.
57
Suppose 4*d = 3*v + 97, -116 + 13 = -4*d - 3*v. What is the remainder when 81 is divided by d?
6
Let z = -39223 + 39340. Calculate the remainder when 2564 is divided by z.
107
Let s be 59/(50/92 - 16/32). Suppose -6*y = 445 - s. Calculate the remainder when y is divided by 17.
16
Suppose 3*d - 2983 = -c + 27, 0 = -4*d + 16. What is the remainder when c is divided by 1492?
14
Suppose -c + 3*c = 6. Let l = 33 + c. What is the remainder when 0 - 4/(-34) - (-1800)/17 is divided by l?
34
Let v(p) = -583*p - 2898. Calculate the remainder when v(-6) is divided by 166.
102
Let y(m) = 26*m - 75. Let s be y(3). Suppose 0 = -3*n - h + 130, -s*h + 121 - 46 = 2*n. What is the remainder when 447 is divided by n?
42
Let z(y) = -y**2 - 23*y - 65. Let d be z(-19). Suppose -252 = -7*r - d*r. Let j(f) = -f**2 - 5*f - 4. Calculate the remainder when r is divided by j(-3).
0
Suppose 5*m - 248 + 79 = 241. Calculate the remainder when 1989 is divided by m.
21
Let x(y) = -6*y**3 + 4*y**2 + 24*y + 10. Let f be x(-7). Suppose 10*j = 18*j - f. Calculate the remainder when j is divided by 22.
20
Let s = 15915 - 15200. Calculate the remainder when s is divided by 15.
10
Let t be 11*3*1/3. Let v = 15 - t. Calculate the remainder when (76/12)/(23/69) is divided by v.
3
What is the remainder when (-3231)/(-33) - 3 - (-28)/308 is divided by 32 - ((0 - 0) + 0)?
31
Let h(v) = 31*v**2 + 231*v - 2159. Calculate the remainder when h(9) is divided by 58.
53
Let w(k) = k**3 - 5*k**2 + 4. Suppose -3*u - 4*j + 46 = 0, 5*u = j + 115 + 23. What is the remainder when w(6) is divided by u?
14
Let k be (70/350)/((-2)/10). Let u = -202 + 305. What is the remainder when u is divided by 6/((k/3)/(35/(-30)))?
19
Let k be 1845/35 + (-5)/(35/(-2)). Let p = k + -49. What is the remainder when 14 is divided by p?
2
Let r = 3886 + -3440. Calculate the remainder when r is divided by 8.
6
Suppose 0 = -m + 3*o + 47 + 110, -2*m + 4*o = -304. What is the remainder when 3252 is divided by m?
128
Let l(h) be the first derivative of h**3 + 7*h**2/2 - 29*h + 110. What is the remainder when l(4) is divided by 16?
15
Let k(x) = x**3 + 17*x**2 - 15*x + 59. Let i be k(-18). Calculate the remainder when (i - 7)/1*(-85)/2 is divided by 11.
8
What is the remainder when 3657 is divided by (-13671)/(-45) + (-17)/(-85)?
9
Let j(p) be the first derivative of -p**4/4 + 3*p**3 + 5*p**2/2 - 29*p + 54. What is the remainder when j(9) is divided by 10?
6
What is the remainder when (258/(-12))/(10/(-340)) is divided by 242?
5
Suppose c = -j - c - 2, 2*j - 11 = c. Suppose -5*u + 173 = 4*x, 16*x - 160 = -4*u + 20*x. What is the remainder when u is divided by j?
1
Let k be 25/25 + 10229/1. Calculate the remainder when ((-6)/(-5))/(11/(k/12)) is divided by 24.
21
Let t be (-2)/(16/692)*4. Let i = t + 592. Calculate the remainder when i is divided by 62.
60
Suppose -8 + 23 = h - 4*t, 3*t = 2*h - 20. Suppose 0 = -h*d - 335 - 253. Let r = d + 181. Calculate the remainder when r is divided by 14.
13
Let y(b) = b + 18. What is the remainder when (2 - 34)*4/(-2) is divided by y(-3)?
4
Let x = 866 + -843. Suppose -x = 12*q - 383. Calculate the remainder when 179 is divided by q.
29
Suppose -f = -0*g + 5*g - 115, -2*f + 69 = 3*g. Let a(w) = 3*w**2 + 6*w - 14. Calculate the remainder when a(-7) is divided by g.
22
Suppose 463 + 383 = 47*f. Suppose m + 3*m - 106 = 2*p, 4*m + 4*p - 136 = 0. Calculate the remainder when m is divided by f.
11
Let n(q) = 3*q**2 + 45*q + 4. Let g be n(-15). Suppose 3*f - 87 = -6*s + 4*s, 0 = -3*f + g*s + 69. Calculate the remainder when 215 is divided by f.
26
Let j be (1 - 3*2/(-3))/1. Suppose 0 = -3*w - 4*y + 27, y - 27 = -3*w + j*y. Calculate the remainder when 49 is divided by w.
4
Let a(v) = 2*v**2 - 8*v + 8. Let u be a(4). Suppose -15*w - u*w + 345 = 0. Calculate the remainder when 70 is divided by w.
10
What is the remainder when 36/(-120) - 186846/(-220) is divided by 215?
204
Suppose -2*f + 4*z - 50 = -70, -2*f - 5*z + 20 = 0. What is the remainder when 18958 is divided by f?
8
Suppose 0 = -3*y + 3*f + 141, 4*y + 7*f - 209 = 4*f. Calculate the remainder when 184 is divided by y.
34
Suppose 115*c = 114*c. Suppose c = -287*k + 281*k + 138. What is the remainder when 64 is divided by k?
18
Let s(d) be the third derivative of 23*d**4/12 + 5*d**3 - 200*d**2. Calculate the remainder when s(9) is divided by 16.
12
Suppose 4*h + 3 = 15, -d + 31 = 5*h. Calculate the remainder when 207 is divided by d.
15
Suppose -106 = -2*l - 102. Suppose 5*h + 415 = 5*b, -4*h = l*b - 118 - 66. What is the remainder when b is divided by 36?
14
Let f be (-21)/(-14) + (-211)/(-2). Suppose -5*u + 228 + f = 0. What is the remainder when 132 is divided by u?
65
Let o(s) = -338*s + 40580. Suppose -179 = -4*b + 289. What is the remainder when b is divided by o(120)?
17
Let a = -1914 + 2183. Calculate the remainder when 382 is divided by a.
113
Suppose -3*g = -4*z + 113 + 171, -2*g = 5*z - 355. Let l = z - 75. What is the remainder when (19 + -9)/(-2*1/l) is divided by 8?
4
Let h = 187 + -166. Suppose 0 = 12*d - h - 339. What is the remainder when 204 is divided by d?
24
Let l(t) = -t**2 + 9*t - 3. Let p = 84 + -40. Let u = 49 - p. Calculate the remainder when l(7) is divided by u.
1
Suppose -l - 4*l + 10 = 0. Suppose 0 = u - 3, 8*y - 13*y + 3*u + 76 = 0. Calculate the remainder when 66 + l*3/(-3) is divided by y.
13
Suppose 4*y - 56 = 4*b, 4*b + 97 = 5*y + 8*b. Let d(m) = 6*m - 100. Calculate the remainder when 13 is divided by d(y).
1
Suppose 66*j + 79 = 739. Suppose 7*h - 232 = -h. Calculate the remainder when h is divided by j.
9
Suppose -5*f - 2*n + 3729 = 0, f - 186 = -3*n + 578. Calculate the remainder when f is divided by 235.
38
Let s(y) = y + 21. Let z be s(-8). What is the remainder when 151 